rime factors of q?
3, 887
Let o(j) = 4*j**2 + 2*j - 6. Let f = -57 - -57. Suppose f = -5*u, -4*s - u = u + 20. What are the prime factors of o(s)?
2, 3, 7
Let b = 123 + -79. Let x = 118 - 116. Suppose -94 - b = -x*u. What are the prime factors of u?
3, 23
Let f(c) = c**3 + 14*c**2 - 20*c - 217. List the prime factors of f(15).
2, 751
Suppose -g - 445 = -7569 - 769. List the prime factors of g.
3, 877
Let o be (-675)/(-30)*4/6. Suppose 0 = o*h + 988 - 5503. What are the prime factors of h?
7, 43
Let w(s) = 4*s**2 + 2*s + 9. Let i be w(-9). Suppose 4*q - 1 = 15. List the prime factors of (-12)/q + i/3.
2, 3, 17
Suppose 4*u + 2 = 3*i, 12 = 7*i - 3*i + 4*u. Let c(x) = -x**2 - 9*x + 6. Let j be c(-7). List the prime factors of i/((j/206)/5).
103
Suppose 2*x - 5*y - 7 = 0, 9*x = 4*x - 4*y + 1. Let p be 3576/66 + (-13)/11 + x. Suppose -p*k + 50*k = -136. List the prime factors of k.
2, 17
Suppose -4*w - 5*w + 6066 = 0. Suppose l + 0*p - 2*p = -w, 20 = -4*p. Let t = -442 - l. List the prime factors of t.
2, 11
Let w(x) = 3329*x + 2. Let m be w(2). Suppose 286*a - m = 280*a. What are the prime factors of a?
2, 3, 5, 37
Let y(x) = 4432 - 5*x + 30*x**3 + 4*x**2 - 4430 - 27*x**3. Let j = 3 - 0. What are the prime factors of y(j)?
2, 13
Let n = 20855 + -14584. Suppose -n = -3*y - 2368. What are the prime factors of y?
1301
Let x(u) = -1320*u**3 + 2*u**2 - 2*u - 4. Let j be x(-1). Suppose -3*c + j = 369. List the prime factors of c.
317
Let j(m) = m**3 - 2*m**2 - 8*m - 3. Let t be j(7). Let f = t - 64. List the prime factors of f.
2, 61
Let w = -22503 - -30486. List the prime factors of w.
3, 887
Let f = 49 - 47. Let g be (1 - 11/f)*20/15. What are the prime factors of (0 - g)/(462/152 + -3)?
2, 19
Suppose 2*i - 8 = -4*b, i - b = -6 + 1. List the prime factors of ((-11 - i) + 74)*9.
3, 5, 13
Let d = -19 - -44. Let f be -5 + 7 - d*-2. Suppose f = -2*a + 3*a. List the prime factors of a.
2, 13
Let t = -23 + 21. Let q be 3 + t + (0 - (-1 + 4)). List the prime factors of (-22 + -9)*(q - 1).
3, 31
Let y = -15233 - -29255. List the prime factors of y.
2, 3, 19, 41
Let r(j) = -j**2 - 6*j + 22. Let w be r(-8). Let b(n) = 41*n**2 + 5*n - 16. Let s be b(w). Suppose -10*y + s = -0*y. What are the prime factors of y?
149
Suppose 38 = f + 35. Let z(x) = -23*x**2 - 3*x. Let w be z(-3). What are the prime factors of (w/15 + 2)*(f + -18)?
2, 3, 7
Let j be (-174)/(-6) + (-2 - -1). Suppose 0 = -2*w - j + 18. What are the prime factors of -1*2 - (-260 + 0/w)?
2, 3, 43
Suppose -750*m = -751*m + 2747. Suppose 3*w - 3*u + 4*u - m = 0, 0 = 2*w + u - 1832. What are the prime factors of w?
3, 5, 61
Let s be (-3317)/((-6)/(24/(-20)) + -6). Suppose -9*k = -5*k - 4*c - 2644, 5*k = 2*c + s. List the prime factors of k.
5, 7, 19
Let u = -1038 + 7842. List the prime factors of u.
2, 3, 7
What are the prime factors of (-9*(-163 + 10)*-9)/(3/(-8))?
2, 3, 17
Suppose v - 24 = 205. Let w = 470 - v. Suppose -b + w = 16. List the prime factors of b.
3, 5
Suppose 2*i + q - 34 = -2*q, 0 = i + q - 16. Suppose 4890 = i*m + m. List the prime factors of m.
2, 163
Suppose -m = 6 - 7. Let d be ((-93)/(-18)*2 - m)*-72. What are the prime factors of (d/80)/(3/(-40))?
2, 7
Let a(t) = 54*t**3 + 14*t**2 - 49*t + 57. List the prime factors of a(8).
3, 9403
Let j(s) = -s**3 - 4*s**2 - 4*s. Let p be j(-3). Suppose x + n + 7 = 2*n, p*n = 2*x + 15. What are the prime factors of ((-585)/12)/(-13)*(-16)/x?
2, 5
Suppose -m + 125 = -t - 4*m, 0 = 4*m - 20. Let v = 345 + t. What are the prime factors of v?
5, 41
Let b(r) = 6*r**3 + 10*r**2 - 31*r - 282. What are the prime factors of b(7)?
3, 683
Suppose -2*h + 177 = -3*h + 5*p, -3*p - 393 = 2*h. Let d = h - -484. Suppose -d - 223 = -5*y. What are the prime factors of y?
103
Let c(n) be the second derivative of 37*n**4/3 - n**3 + 2*n**2 - 5*n. List the prime factors of c(1).
2, 73
Suppose 7*p = 9*p - v - 26847, -3*v = -3. List the prime factors of p.
2, 839
Let v be 2/10 + -9 + (-73432)/(-40). Suppose 0*b = 4*y + b - v, 0 = 2*y - b - 921. List the prime factors of y.
2, 229
Suppose 60*l + 100*l = 950080. What are the prime factors of l?
2, 2969
Let a(g) = -18*g**3 - 2*g**2 - 9*g - 2. Let b be a(-10). Suppose 0 = 3*c - b + 1718. List the prime factors of (-2)/3 - c/(-66).
3
Let s be -1 + (12/(-5))/((-5)/(-225)). Let o = s + 129. What are the prime factors of o?
2, 5
Suppose 25*r = 20*r + 3075. Suppose r + 7645 = -14*j. What are the prime factors of 24/(-30)*j/4?
2, 59
Let g(i) = 8*i**2 - 2. Let c = -47 - -48. Let q be g(c). Suppose -4*h + q*h - 26 = 0. What are the prime factors of h?
13
Let l(y) = 4*y**3 - 149*y**2 - 76*y - 80. Let i(p) = p**3 - 37*p**2 - 19*p - 20. Let t(d) = -9*i(d) + 2*l(d). List the prime factors of t(35).
5, 137
Let h be (-2)/7 - 2280/56. Let l = -28 - h. Suppose -n = -l - 27. What are the prime factors of n?
2, 5
Let k be ((-16)/(-40))/(-3*2/(-195)). Suppose k*b - 5*b = -864. Let i = 332 + b. What are the prime factors of i?
2, 7
Let o(v) = 2*v**2 - 2*v. Let w be o(2). Suppose -4*a = -6*a + 2, -5*m = w*a - 454. List the prime factors of m.
2, 3, 5
Suppose 0 = -5*n + 3*l + l + 12, -3*l + 18 = 3*n. Suppose 5*s - s = -2*f + 1374, 0 = -n*f + 12. List the prime factors of s.
2, 3, 19
Suppose 0 = -63*b + 85*b - 9394. What are the prime factors of b?
7, 61
Suppose -g + 897 = 4*f - 156, f = -5*g + 5246. Suppose 0*s + g = 4*h + 5*s, 807 = 3*h - 3*s. List the prime factors of h.
2, 7, 19
Let n = 4931 + -1866. Suppose 7*x - 12*x = -n. List the prime factors of x.
613
Let s = 34674 + -17274. List the prime factors of s.
2, 3, 5, 29
What are the prime factors of 4637 - ((-7 - -18) + -17)?
4643
Let h(k) = -43*k**2 + 2*k - 19. Let n(s) = 42*s**2 - 2*s + 16. Let w(y) = 4*h(y) + 5*n(y). Suppose g = 3*g - 4. What are the prime factors of w(g)?
2, 19
Suppose 5*d - 42 = 23. Suppose 2*i = -5*c - 17, -d + 1 = -3*i + 5*c. What are the prime factors of -127*i*(-1 - -2)*1?
127
Let c(p) be the first derivative of 2*p**3/3 + 13*p**2/2 + 22*p + 70. What are the prime factors of c(-13)?
191
Suppose 0 = 25*c - 92 - 58. What are the prime factors of ((-43706)/(-123))/(4/c)?
13, 41
Let b be (6/12)/(2/24). What are the prime factors of 164 - b/(-5 + 3)?
167
Suppose 4*f = -3*t + 6118, -3*t = -f - 731 + 2253. What are the prime factors of f?
2, 191
Let s = 14694 - 6860. List the prime factors of s.
2, 3917
List the prime factors of (12/39)/((-182)/(-2781233)).
2, 2351
List the prime factors of 1893810/24 - ((-117)/(-52))/(-9).
3, 29, 907
Suppose -18 = -7*k - 11. Let f be -2 - (-6 - (2 - 1)). Suppose m + 3*u = 160, -f*u = 9 + k. What are the prime factors of m?
2, 83
Suppose -44*j + 53244 = 4*o - 48*j, -4*o - j = -53234. What are the prime factors of o?
13309
Let f(p) = -p**2 - 4*p + 3. Let d be f(-7). Let y = -14 - d. List the prime factors of 20 + (-7)/((-14)/y).
2, 11
Let n = -100521 - -157555. List the prime factors of n.
2, 28517
Suppose 82 = 3*q + 91. What are the prime factors of 5/(-45)*q - 4920/(-9)?
547
Let i be ((-1840)/48)/((-1)/(-6)). Let y = 441 + i. What are the prime factors of y?
211
Let u(z) = -z**3 - 7*z**2 + 6*z - 4. Let r be u(-8). What are the prime factors of (582/9)/(r/18)?
97
Let i be (-21)/(-6)*2 + 7 + -5. Suppose 39468 = 42*h - i*h. What are the prime factors of h?
2, 13, 23
Let n be -13 + 50 + (-2 - -1). Suppose -3*x + 2*j = -65 - 39, 0 = 5*x - 2*j - 180. Let l = x - n. What are the prime factors of l?
2
Let i be ((-2)/9*3)/((-2)/438). Let s = 78 - i. Let u = 177 + s. List the prime factors of u.
109
Let o(w) = 0*w**2 + 2*w**2 + 522 - 513 - 13*w. Let r be o(9). Suppose 36*n - 39*n + r = 0. List the prime factors of n.
2, 3
Let o(g) = -g**3 + 12*g**2 + 12*g + 1. Let i be o(13). What are the prime factors of (18/i)/((-1)/((-64)/(-6)))?
2
Suppose 3*r = 15, 13*r = l + 9*r - 1862. Suppose -428 - l = -14*m. What are the prime factors of m?
3, 5, 11
Let a(t) = -t**3 + 3*t**2 + 3*t + 2. Let f be a(3). Suppose g - 16 = -f. Let z(p) = -p**3 + 6*p**2 + p - 10. List the prime factors of z(g).
2, 5
Let z(g) = 253*g**3 + 5*g**2 - 486*g + 2374. What are the prime factors of z(5)?
2, 13, 23, 53
Suppose -25*u - 60 = -29*u. Let s = -12 + u. What are the prime factors of (4/s)/((14/207)/7)?
2, 3, 23
What are the prime factors of -6*(-5)/10 - 4/(8/(-10722))?
2, 3, 149
